 11255 - 36047. What is the units digit of j?
8
Suppose 1220 = 4*j - 3*a, -2*a + 304 = j - 3*a. Suppose 0 = -l + 3*l + 2, -2*o - 2*l = -j. What is the hundreds digit of o?
1
Let r = 47 + -43. What is the units digit of 0 + (69 - r) + 3?
8
Suppose -2*c + 5*r - 8 = 0, 0*r + 20 = -5*c + 2*r. What is the units digit of 66*(4/(-7))/(c/14)?
2
Let y(d) = -4*d**3 + 5*d**2 + 2*d - 11. Let m(z) = -7*z**3 + 11*z**2 + 5*z - 22. Let x(w) = 3*m(w) - 5*y(w). What is the tens digit of x(6)?
9
Suppose 3*d - 9 = 15. Let q(w) = 2*w - 7. Let t be q(d). What is the units digit of 39 - (-12)/t*-3?
5
Let o be 112/(-10) + (-11)/(-55). Let i be (-14)/77 - 79/o. Suppose 0 = -i*y + 10*y - 174. What is the units digit of y?
8
Suppose 82475 = 56*m - 9253. What is the thousands digit of m?
1
Let m = 73 + 503. What is the units digit of m?
6
Suppose -2*d - 50 = 5*w - 6, -2*d - 12 = -3*w. Let f be 8/d - (-94)/(-3). Let n = f - -53. What is the tens digit of n?
2
Let l be 54 - (-1 - -1 - 3). Suppose q = -0*q - 3*c + l, -c = 5. What is the tens digit of q?
7
What is the units digit of (-4)/(-14) + (-88812)/(-63)?
0
Let m(l) = l**3 - 5*l**2 - 5. Let r be m(4). Let a = -9 - r. What is the tens digit of a?
1
Suppose 3*y - 3 = -3*b, -2*y + 2*b + 0 - 2 = 0. Let d = 3 + y. Suppose 3*t + 5*a = -t + 76, 0 = d*a + 12. What is the tens digit of t?
2
Suppose 4*q - 12 = 4*x, -3*q - 3*x + 5 = -2*x. Suppose -z = -0*z - q. Suppose 0 = f - 11 - z. What is the units digit of f?
3
Let b = -15 - -14. Let i be -5 + (0 - b - 4). Let j(v) = v**3 + 9*v**2 + 6*v + 12. What is the units digit of j(i)?
8
Let h be ((-31)/(-93))/(1/(-9)). Let g = 241 + h. What is the hundreds digit of g?
2
Suppose 1782 = 3*q + d, -3*d + 2*d - 1782 = -3*q. What is the tens digit of q?
9
Let d(v) = 2*v - 170. Let m(z) = z - 85. Let w(i) = 2*d(i) - 5*m(i). What is the tens digit of w(22)?
6
What is the tens digit of ((-2)/3)/((-24630)/2052 + 12)?
2
Let g(t) be the third derivative of t**4/8 - 17*t**3/6 + 5*t**2. Suppose 2 = -2*z + 26. What is the units digit of g(z)?
9
Let s = -828 + 2075. What is the thousands digit of s?
1
What is the hundreds digit of (-3771008)/(-1024) + (-6)/(-16)?
6
Suppose 3*m = -m. What is the units digit of m/4 - (-244)/4?
1
Let k(v) = 40*v**2 + 9*v + 13. What is the units digit of k(-4)?
7
Suppose 3*d = -2*f + 49, -2*d + 2*f = -d - 11. Let b = d + 6. What is the units digit of b?
1
Let u(w) = -1476*w - 157. What is the thousands digit of u(-2)?
2
Let m = 651 + 1153. What is the hundreds digit of m?
8
Suppose -4*t - 3*b = -1190 - 277, -2*t = 4*b - 746. Suppose 3*y - 2*p = 356, 4*p + t = 4*y - 117. Suppose -2*v = 2*v - y. What is the units digit of v?
9
Suppose 3*f = 2*p - 1594 + 158, -2*p + 1440 = -5*f. What is the tens digit of 4/(20/p) + -4?
3
What is the tens digit of 0 - 287/(3/(-3))?
8
Suppose 6*x - 16 = -4. Suppose -5*d = -m - 284, -x*d + 3*d = -m + 58. What is the units digit of d?
7
Let z(n) = 8*n + 2. Let p be z(4). Suppose p + 56 = 2*y - 3*f, -4*y - 2*f = -180. What is the units digit of y?
5
Let m be 2 + 24/(-10) - 11484/(-60). Suppose 3*b + b - 5*v - 391 = 0, v = 2*b - m. What is the tens digit of b?
9
Let w = 5127 + -2420. What is the hundreds digit of w?
7
Suppose 2*h + 1 + 3 = 4*i, 2*h + 5*i = 23. Suppose -h*x = -216 - 60. What is the units digit of x?
9
Suppose 0 = -5*a - 3*b + 20125, 4*a + 9*b - 16100 = 10*b. What is the units digit of a?
5
Let q(k) = 29*k**2 - 20*k - 149. What is the tens digit of q(-6)?
1
Suppose 0 = -4*k - 3*a + 21, -3*a - 5 + 2 = -4*k. Suppose 10 = k*d - 2. Suppose -d*v - 5*m = -v - 30, -m = 0. What is the units digit of v?
0
Let s be (5/(-5))/(3/9). Let w be ((-6)/s)/4*0. Suppose -4*d - 128 = -4*y, 4*d = -4*y - w*d + 160. What is the tens digit of y?
3
Suppose -g - m = -564, 9*m - 1686 = -3*g + 4*m. What is the units digit of g?
7
Let y(z) = 2*z**2 + 17*z - 337. What is the tens digit of y(-40)?
8
Let x(o) = o**2 - 4*o + 4. Let d be x(4). Suppose -b + 8 = q, 5*b = -3*q - 0*b + 20. Let s = q - d. What is the units digit of s?
6
Suppose 5*i = -m + 37, 5*m - 4*i - 114 = 216. Suppose m = 2*z - z. Suppose 5*y - z = 3*y. What is the tens digit of y?
3
Let q = -140 - -84. Let r be (q/(-10))/((-6)/(-45)). Suppose 0 = -2*p + 30 + r. What is the units digit of p?
6
Let h = -76 + 139. What is the tens digit of (((-20)/6)/1)/((-3)/h)?
7
What is the tens digit of 2*((-15162)/12)/(-7)?
6
Suppose -16*w + 9843 = -685. What is the hundreds digit of w?
6
Let d = 17 + -8. Let x(f) = 3*f**2 - 18*f + 38. Let g be x(4). Let m = g + d. What is the units digit of m?
3
Let k(p) = p + 15. Let r be k(-11). Suppose r*h - 15 = -h. Suppose 0 = -h*u + 52 + 56. What is the units digit of u?
6
Suppose 0 = -6*h - 68 + 536. Let w be 52 - (0 - (0 + 1)). Let g = h - w. What is the units digit of g?
5
Let j = -84 + 55. Let n = j - -54. What is the tens digit of n?
2
Suppose -g + 6 - 12 = 0. What is the tens digit of (21 - 88)*g/2?
0
What is the units digit of ((-4)/(-5))/((-64)/(-68640))?
8
Let j be (10 - (0 + 3)) + -1. Suppose -7*z - j = -6*z. What is the units digit of z*((-1)/1 + -2)?
8
Let r be -3*3/(-18)*10. Let z = 14 + -12. Suppose 5*k = a + 17, -z*k + k = r*a - 19. What is the units digit of a?
3
Let r = 256 - 89. Suppose 4*l - r = 321. What is the tens digit of l?
2
Let l(x) be the third derivative of 35*x**4/24 + 7*x**3/2 - 31*x**2. What is the units digit of l(2)?
1
Let c = -81 - -81. Suppose 2*q + 90 - 956 = -4*r, c = -4*r - 4*q + 876. What is the hundreds digit of r?
2
Let p = 14 - 10. Let t(l) = -l**2 + 4*l - 6. Let c be t(p). Let q(h) = h**3 + 7*h**2 + 4*h + 7. What is the units digit of q(c)?
9
Let s(j) = -15*j - 3. Let p be s(-2). Let t = -13 + p. What is the tens digit of t?
1
Suppose -20 - 196 = -2*w - 3*u, -4*w - 3*u = -420. Suppose 263 = 5*o - w. What is the tens digit of o?
7
Suppose z = -2*z + 9. Let k(r) = 7*r - 3 + 3*r**2 + r**z + 6*r**2 - r**2. What is the tens digit of k(-6)?
2
Suppose 4*s + s = 15. Suppose -4*z + 5*h - 3*h + 246 = 0, s*z - h - 185 = 0. What is the tens digit of z?
6
Suppose 3*p + n = 1946, -4*p + 2580 = -3*n + 8*n. What is the units digit of p?
0
What is the units digit of ((-57)/(-6) + -10)*-3580?
0
Suppose 75 = h + 3*v, -4*v + 3*v - 67 = -h. Suppose 0 = 3*o - 3*t - h, 8*t - 3*t = 3*o - 71. What is the units digit of o?
2
Let q(x) be the second derivative of x**3/3 - 9*x**2/2 - 3*x. Let m be q(7). What is the units digit of (m + 0)*(-132)/(-30)?
2
Suppose z + 6 = -z. Let f be (-69)/(z - (-6)/4). Suppose -2*c + 0*c + 30 = -3*g, -f = -3*c + 5*g. What is the tens digit of c?
1
Suppose 0 = 2*j - 19*j + 18564. What is the tens digit of j?
9
Suppose -6*g + 6686 = 2618. What is the units digit of g?
8
Let o(p) = p**3 - p**2 + 1. Let n(z) = 17*z**3 - 9*z**2 + 2*z + 4. Let f(t) = n(t) - 6*o(t). Let k be f(2). Let s = k + -50. What is the tens digit of s?
2
Let m(a) = -a**3 + 26*a**2 + 9*a - 57. What is the tens digit of m(24)?
1
Let t be 6 + (-1)/(-3 - -4). Suppose -1 = -t*v - 4*d, 3*d - 6 = 6. Let l = v + 13. What is the tens digit of l?
1
Let x be 16/12 - (-8)/12. What is the units digit of x/13 + 10428/156?
7
Suppose 2*w - 1274 = -4*v, -3*w + 1724 = 5*v - 186. What is the tens digit of w?
3
Let v(q) = -q**2 + 4*q - 2. Let a be v(5). Let c(t) = -4*t - 4. Let i be c(a). Suppose -5*o = -236 - i. What is the tens digit of o?
5
Let i be (0*2*(-1)/(-4))/(-3). Suppose n - k - 24 = 0, -3*n = -i*k + 4*k - 107. What is the units digit of n?
9
Let n be (-5)/(-2)*(-112)/(-35). Suppose 3*s + 250 = n*s. What is the tens digit of (s + 2)/(2 - 0)?
2
What is the tens digit of -7*(15688/(-28) + -6)?
6
Let z be (1 + -1)*(1 - 2). Let x(t) = 0*t**2 + 5 + 3 + 4*t + t**2 + z*t. What is the units digit of x(-6)?
0
Suppose 0 = -299*n + 295*n + 3324. What is the hundreds digit of n?
8
Suppose -v = 3*v + 3*x - 19, v + 1 = 5*x. Suppose -8*a + 4*a + 320 = 0. Suppose -v*j + a = j. What is the units digit of j?
6
Let h(p) = -p - 21 + p + 0*p - 3*p. What is the tens digit of h(-11)?
1
Let s(f) = 10*f**2 + f + 27. Let l be s(-5). Suppose 16*o = 8*o + l. What is the tens digit of o?
3
Suppose j + 4*w - 1094 = -319, -5*j = -w - 3770. What is the units digit of j?
5
What is the tens digit of 21/(-49) - 22356/(-28)?
9
Let f(r) = -r**3 + 4*r**2 + 4*r + 7. Let y be f(5). Suppose -y*d + 3*d =